its digit of 1/((-5)/(-10)*u)?
1
Let w(m) = -m**3 + m**2 + m + 7. Let f be w(3). Let v = 12 + f. Suppose 0 = 2*n + v, 5*i - 5*n - 65 = -0*i. What is the tens digit of i?
1
Let n be (1 + 0)*5 - 0. Suppose -86 - 22 = -18*l. Suppose v - l*v - 31 = -4*d, -2*v = -n*d + 60. What is the tens digit of d?
1
Suppose d + 0*r + 2*r = 12, -3*d + 5*r - 8 = 0. Suppose -3*p = d*a + 80 - 513, 2*p - 298 = -5*a. Suppose -p = -5*j - 29. What is the tens digit of j?
2
Suppose -h + 6 = 4. Let b(w) = w**2 + 0*w**3 - 4*w + 2*w - 4*w**3 - 2 + h*w**3. What is the units digit of b(-2)?
2
Let c(z) = -2*z**2 - 6*z - 4. Let u be c(-7). Let d be ((-1068)/u)/((-2)/(-10)). Suppose -27 + d = 2*q. What is the tens digit of q?
3
Let y(l) = 4*l**2 + l + 3469. What is the thousands digit of y(0)?
3
Let t = -5403 - -9783. What is the hundreds digit of t?
3
Let w be 429/9 - 5/(-15). Suppose 6*y - h - 28 = 4*y, 4*h = 4*y - w. Suppose -y*u + 12*u = -184. What is the tens digit of u?
4
Suppose -171 = -3*g + 3*j, -g + 9 + 52 = j. Suppose v - 4 = 5*x - 3, -2*x - 76 = 5*v. Let k = v + g. What is the units digit of k?
5
Suppose -3*h + w + 254 = 0, 2*h - h = -5*w + 90. What is the units digit of h?
5
Suppose 2*p + 1930 - 5980 = 0. What is the units digit of p?
5
Let u(q) be the third derivative of q**4/12 + 56*q**3/3 - 21*q**2. What is the tens digit of u(0)?
1
Suppose -5*d - 3*g + 103 + 25 = 0, 0 = 3*g + 12. Suppose 0 = -2*q + 156 - d. What is the units digit of q?
4
Let w = 249 - 117. Suppose 2*j = -0*y - 4*y + 90, -3*j = 3*y - w. Let z = -28 + j. What is the units digit of z?
5
Let h = 1551 - -1137. What is the tens digit of h?
8
Let g(j) = 6*j + 0 + 0*j**2 + 1 - j**2 + 4. Let k be g(7). What is the units digit of k/(-3) + 460/12?
9
Suppose 381*n - 372*n = 1890. What is the units digit of n?
0
What is the units digit of 2*(-21)/6 - -1087?
0
Suppose 0 = -4*y - 4*g + 4, -3*y - 5*g - 5 = -4. Suppose -6*p = -y*p - 258. What is the units digit of p?
6
Suppose -d + 3*d = 146. Suppose -4*m + 50 = -2*p, 0*p + 5*m = 3*p + d. Let u = 1 - p. What is the units digit of u?
2
What is the hundreds digit of (-1 + 134/14)/((-1)/(-77))?
6
Let i be (4/8)/(2/16). Let f(t) = -2*t - 16. Let c be f(-8). Suppose 80 + 24 = 5*k + 4*v, 4*k + i*v - 84 = c. What is the units digit of k?
0
Let u(n) = -61*n**3 + 2*n**2 - 6*n - 5. Let q(m) = 61*m**3 - m**2 + 5*m + 4. Let b(j) = -4*q(j) - 3*u(j). What is the tens digit of b(-1)?
6
Suppose 0*t - 2*t + 362 = 0. Let w = 256 - t. What is the units digit of w?
5
Suppose -77*q + 70*q + 2828 = 0. What is the tens digit of q?
0
Suppose 4*r + 49 + 71 = 0. Let a = -242 - -188. Let f = r - a. What is the tens digit of f?
2
Let t(i) = i**3 - 15*i**2 - 15*i - 14. Let n be t(16). Let v be (-30)/(-4)*4/n. What is the units digit of ((-55)/v)/((-1)/3)?
1
What is the units digit of (4/4 - 9) + 393?
5
Let y(v) be the first derivative of v**4/4 + 7*v**3/3 - 2*v**2 + v + 12. What is the units digit of y(-7)?
9
Let u(d) be the third derivative of d**4/24 - d**3/2 - 3*d**2. What is the units digit of u(11)?
8
Let i = 117 + 51. Let k = i + -125. What is the units digit of k?
3
Let x = -10 - -4. Let t = -3 + x. What is the units digit of 14 - (t/(-3) + -1)?
2
Let z = 250 + -426. What is the hundreds digit of (-1 - -1)/(-1) - z?
1
Suppose h = 1 + 2. Let p(x) = 10*x**2 - x**2 + 2*x**h + 7 + 7*x + 3*x**3 - 4*x**3. What is the units digit of p(-8)?
5
Let h(g) = -g**3 - g**2 + 1. Let j be 3/2*(-20)/15. Let m be h(j). Suppose -m*z = 0, 0*o - 3*o + 51 = 2*z. What is the units digit of o?
7
Let i(q) = -q**3 - 14*q**2 + 15*q. Let r be i(-15). Suppose -4*u + 2*u + 282 = r. Let s = u - 73. What is the units digit of s?
8
Let i = -18 - -18. Suppose 2*p + i = 10. Suppose 2*l + 4 = p*n - 3, 2*l - 38 = -4*n. What is the units digit of l?
9
Let z(r) = 63*r + 158. What is the units digit of z(2)?
4
What is the units digit of 16/4 - (28 - 3614)?
0
Suppose 131 = -38*q + 39*q. What is the units digit of q?
1
Let f(y) = 2*y**3 + 3*y**2 + 3*y + 1. Suppose -4*b + 2*c - 1 = 17, 4*b = 3*c - 21. Let r be f(b). Let w = r - -60. What is the units digit of w?
5
Let y(x) be the second derivative of -x**4/12 - 11*x**3/6 + 7*x**2/2 + 12*x. What is the units digit of y(-9)?
5
Let c(k) = 8*k**2 - 9*k + 23. Let f be c(12). Suppose -4*r - 119 = -f. What is the tens digit of r?
3
Let m = -6 - -10. Let v be ((-12)/8)/((-2)/m). Suppose 0 = 5*g + v*q - 45, 0 = -q - 0*q. What is the units digit of g?
9
Let m be ((-6)/(-12))/((-2)/(-20)). Suppose -i = b - 26, -4*i + m*b - 4 = -3*i. What is the tens digit of (-6)/i + 1230/42?
2
Suppose -5*f = -18 + 3. Suppose 4*k = 3*k + f. Suppose a + 4*a = k*m + 15, 0 = 3*m - 15. What is the units digit of a?
6
Suppose -d = -45 - 39. Let k = d - -30. What is the units digit of k?
4
Suppose 4*u = 3*u + 100. Suppose 19 = 38*t + 19. Suppose -u = -t*s - 2*s. What is the tens digit of s?
5
Let c(s) = -s**3 - 9*s**2 + 9*s + 5. Let t be c(-10). Suppose 5*q + t = 2*q. Let f(g) = g**2 - g - 7. What is the tens digit of f(q)?
2
Let w(h) = h**2 - 9*h + 8. Let v be w(7). Let c be v/8*-4*1. What is the units digit of (c*2)/(15/50)?
0
What is the tens digit of ((-45)/(-4))/((-66)/(-6688))?
4
Suppose l = -z - z - 68, 0 = -4*l. Let i = z - -48. Let n = 41 - i. What is the units digit of n?
7
Suppose 0*d - 266 = -2*d. Suppose -4*u = -d - 63. What is the tens digit of u?
4
What is the hundreds digit of -753*(3 - (-66)/(-18))?
5
Let c be 2/5*(-25)/5. What is the units digit of c - 2 - (-56 + -5)?
7
Let c = -1207 + 5999. What is the thousands digit of c?
4
Suppose -3*r + 7027 = -5*f, 0 = -2*f - 13 + 15. What is the thousands digit of r?
2
Suppose -3 + 0 = -3*a, -4*a + 8707 = 3*f. What is the thousands digit of f?
2
Let k(h) = -3*h + 2. Suppose -p - p = -20. Let d(i) = -i**3 + 10*i**2 - 2*i + 4. Let o be d(p). What is the tens digit of k(o)?
5
Let k = -27 - -32. Suppose -3*i = 3*q - 60 - 609, 4*i = -k*q + 1113. What is the hundreds digit of q?
2
Let z = -130 + 34. What is the hundreds digit of (8/(z/135))/((-2)/40)?
2
Suppose 21*l = 19*l + 164. Suppose 4*k = 5*p - 375, -2*p + 68 + l = -3*k. What is the tens digit of p?
7
Suppose 4*h - 1132 = u, -u + 20 = -6*u. Suppose 0 = -5*a + 2*a + h. What is the tens digit of a?
9
Let q(d) = 2*d + 10. Let l be (1 - (-1 - -5))*-2. Suppose 0 = -b - 3*t + 6, -3*b - 5*t + 10 = -l*b. What is the units digit of q(b)?
0
Let h(p) = p**2 - 4*p - 6. Suppose 4 = 2*o - 0*o. Let v be 2*3/o + 3. What is the units digit of h(v)?
6
Let p(j) be the first derivative of j**4/4 - 11*j**3/3 - 21*j**2/2 - 6*j - 21. What is the units digit of p(13)?
9
Suppose -2*j - 3*j = -70. Let c be 2*7*4/j. Suppose -5*i - 4*l + c = -129, -154 = -5*i + 3*l. What is the tens digit of i?
2
Let o(r) = 116*r - 135. What is the tens digit of o(7)?
7
Let h(n) be the third derivative of -n**6/120 - 2*n**5/15 - n**4/3 + 2*n**3/3 + 8*n**2. What is the units digit of h(-7)?
1
Let w(i) = 137*i**2 + 7*i + 5. What is the tens digit of w(-4)?
6
Let f be (-15)/(-2) + 2/4. Let w be (-126)/(-24) - 2/f. Suppose -5*o + 0 = -w, 2*o - 95 = -3*u. What is the units digit of u?
1
Let x(y) = y**3 - 12*y**2 - y + 11. Let a be x(12). Let d be a*(0 + (9 - 3)). Let l = d - -29. What is the tens digit of l?
2
Suppose 2*t + 3*h - 1756 = 0, -903 + 2669 = 2*t - 2*h. What is the units digit of t?
1
Suppose 2*k = -6 - 0. Let r = -7 - k. Let o(i) = -10*i + 6. What is the tens digit of o(r)?
4
What is the units digit of (-10)/(-30) - (-155)/(-15)*-137?
6
Let x = 35 + -36. What is the tens digit of (x + (-21)/(-9))/(4/282)?
9
Suppose 3*m - 24 - 288 = 0. Let o = m + -52. Let p = o - 32. What is the tens digit of p?
2
Suppose -7*x = -2082 - 5835. What is the tens digit of x?
3
Let t(u) = 8*u - 15. Suppose -6*l = -5*l - 5. What is the units digit of t(l)?
5
Suppose -u - 258 = -1225. What is the tens digit of u?
6
Suppose 0 = 5*x - 15, 3*x + 567 = 2*f + f. Suppose 4*w - f = 4*y, -w = w + 3*y - 101. What is the units digit of w?
9
What is the tens digit of 2 - -473 - 12/(-4)?
7
What is the units digit of (-9)/21 - (76530/21)/(-10)?
4
Let l = -114 + 240. What is the hundreds digit of (-3)/7 - (-22608)/l?
1
Let x(d) = 2*d + 2. Let t be x(-4). Let n(o) = -o**3 - 6*o**2 - 7*o + 6. What is the units digit of n(t)?
8
Suppose -s + 3*k = -100, 9*s + 446 = 14*s + 3*